{"id":141,"date":"2017-10-03T22:16:52","date_gmt":"2017-10-03T21:16:52","guid":{"rendered":"http:\/\/restaurant-erlen.ch\/wordpress\/?page_id=141"},"modified":"2023-11-14T17:10:05","modified_gmt":"2023-11-14T16:10:05","slug":"wlan","status":"publish","type":"page","link":"https:\/\/restaurant-erlen.ch\/wordpress\/sample-page\/wlan\/","title":{"rendered":"WLAN"},"content":{"rendered":"<h3><strong>Nutzungsbedingungen<\/strong><\/h3>\n<p>Internetzugang via WLAN f\u00fcr G\u00e4ste: \u00ab<strong>RestErlen<\/strong>\u00bb<\/p>\n<p>Das Restaurant Erlen (RE) bietet G\u00e4sten (User) den Internetzugang im Sinne einer Dienstleistung an. Die Nutzung des Internets via WLAN (Wireless Local Area Network) ist kostenlos.<br \/>\nUser nehmen zur Kenntnis, dass die Nutzung des Internets mit erheblichen, nachfolgend nicht abschliessend aufgelisteten Risiken verbunden sein kann.<\/p>\n<p>Durch die Nutzung des Internetzugangs best\u00e4tigt der User, die damit verbundenen Risiken zu kennen und die nachstehenden Nutzungsbedingungen zu akzeptieren.<\/p>\n<ol>\n<li><strong>Das Internet ist nicht sicher.<\/strong><br \/>\nS\u00e4mtliche \u00fcbermittelte Daten k\u00f6nnen grunds\u00e4tzlich durch Dritte eingesehen werden. Das RE haftet nicht f\u00fcr Sch\u00e4den, die im Zusammenhang mit einer Einsichtnahme in den Datenverkehr durch Dritte stehen.<\/li>\n<li><strong>Das eigene Ger\u00e4t (PC, Notebook, Tablet, Smartphone etc.) ist gef\u00e4hrdet.<\/strong><br \/>\n\u00dcber die Verbindung zum Internet besteht die Gefahr, dass das eigene Ger\u00e4t unbemerkt mit Schadprogrammen (Viren, Trojanern, W\u00fcrmer etc.) infiziert wird, welche die Daten auf dem Computer sch\u00e4digen, Dritten zug\u00e4nglich machen oder zerst\u00f6ren k\u00f6nnen. Das RE haftet nicht f\u00fcr Sch\u00e4den im Zusammenhang mit versehentlich oder bewusst vom Internet heruntergeladener Software.<\/li>\n<li><strong>Das eigene Ger\u00e4t gef\u00e4hrdet andere.<\/strong><br \/>\nVersehentlich oder bewusst vom Internet heruntergeladene oder aus sonstigen Quellen stammende Software kann unter Umst\u00e4nden das eigene Ger\u00e4t manipulieren und daf\u00fcr verantwortlich sein, dass dieses Ger\u00e4t zur Weiterverbreitung von sch\u00e4dlicher Software oder zu anderweitigen St\u00f6rungen missbraucht wird. Das RE beh\u00e4lt sich das Recht vor, ein Ger\u00e4t jederzeit ohne Vorwarnung und ohne Begr\u00fcndung vom Netz zu trennen bzw. den Zugang a priori zu verweigern. Das RE haftet nicht f\u00fcr Sch\u00e4den, die im Zusammenhang mit einer Unterbrechung der Netzverbindung stehen, sei diese beabsichtigt oder unbeabsichtigt.<\/li>\n<li><strong>Das Internet ist kein rechtsfreier Raum.<\/strong><br \/>\nEs ist m\u00f6glich, im Internet strafbare Handlungen vorzunehmen. Das RE haftet nicht f\u00fcr strafbare Handlungen, die der User im Internet begeht. Das RE beh\u00e4lt sich das Recht vor, den Internetverkehr eines Users zu \u00fcberwachen und zu protokollieren, den Zugang zu bestimmten Internetadressen zu deaktivieren, sowie bei Verdacht auf Missbrauch, den Internetzugang f\u00fcr einen User generell zu sperren. Rechtliche Schritte werden ausdr\u00fccklich vorbehalten.<\/li>\n<li><strong>Verf\u00fcgbarkeit \/ Support<\/strong><br \/>\nInternetzugang via WLAN f\u00fcr G\u00e4ste wird durch das RE nach bestem Wissen und anerkannten Grunds\u00e4tzen betrieben. Dadurch und bedingt durch die Natur des Internets besteht keine garantierte Verf\u00fcgbarkeit. Ebenso kann bei individuellen technischen Problemen keine Unterst\u00fctzung gew\u00e4hrt werden.<br \/>\nJegliche Haftung wegen Nichtverf\u00fcgbarkeit wird wegbedungen.<br \/>\nBei exzessiver Nutzung (z.B. dauerndes Herunterladen von Filmen oder Filesharing) oder wenn sich anwesende Personen bei indiskreter Nutzung gest\u00f6rt f\u00fchlen, beh\u00e4lt sich das RE auch ohne Angabe vor, den Zugang f\u00fcr einzelne User zu sperren.<\/li>\n<li><strong>Keine Haftung f\u00fcr Links.<\/strong><br \/>\nDas Angebot des RE kann Links zu Webseiten Dritter enthalten. Das RE hat keine Kontrolle \u00fcber die Inhalte solcher Webseiten. Die Nutzung derselben erfolgt auf eigenes Risiko der User.<\/li>\n<\/ol>\n","protected":false},"excerpt":{"rendered":"<p>Nutzungsbedingungen Internetzugang via WLAN f\u00fcr G\u00e4ste: \u00abRestErlen\u00bb Das Restaurant Erlen (RE) bietet G\u00e4sten (User) den Internetzugang im Sinne einer Dienstleistung[&#8230;]<\/p>\n","protected":false},"author":3,"featured_media":0,"parent":2,"menu_order":3,"comment_status":"closed","ping_status":"closed","template":"","meta":{"footnotes":""},"class_list":["post-141","page","type-page","status-publish","hentry"],"_links":{"self":[{"href":"https:\/\/restaurant-erlen.ch\/wordpress\/wp-json\/wp\/v2\/pages\/141","targetHints":{"allow":["GET"]}}],"collection":[{"href":"https:\/\/restaurant-erlen.ch\/wordpress\/wp-json\/wp\/v2\/pages"}],"about":[{"href":"https:\/\/restaurant-erlen.ch\/wordpress\/wp-json\/wp\/v2\/types\/page"}],"author":[{"embeddable":true,"href":"https:\/\/restaurant-erlen.ch\/wordpress\/wp-json\/wp\/v2\/users\/3"}],"replies":[{"embeddable":true,"href":"https:\/\/restaurant-erlen.ch\/wordpress\/wp-json\/wp\/v2\/comments?post=141"}],"version-history":[{"count":5,"href":"https:\/\/restaurant-erlen.ch\/wordpress\/wp-json\/wp\/v2\/pages\/141\/revisions"}],"predecessor-version":[{"id":151,"href":"https:\/\/restaurant-erlen.ch\/wordpress\/wp-json\/wp\/v2\/pages\/141\/revisions\/151"}],"up":[{"embeddable":true,"href":"https:\/\/restaurant-erlen.ch\/wordpress\/wp-json\/wp\/v2\/pages\/2"}],"wp:attachment":[{"href":"https:\/\/restaurant-erlen.ch\/wordpress\/wp-json\/wp\/v2\/media?parent=141"}],"curies":[{"name":"wp","href":"https:\/\/api.w.org\/{rel}","templated":true}]}}