{"id":2,"date":"2016-05-10T03:48:21","date_gmt":"2016-05-10T03:48:21","guid":{"rendered":"http:\/\/restaurant-erlen.ch\/wordpress\/?page_id=2"},"modified":"2026-03-17T13:15:02","modified_gmt":"2026-03-17T12:15:02","slug":"sample-page","status":"publish","type":"page","link":"https:\/\/restaurant-erlen.ch\/wordpress\/","title":{"rendered":""},"content":{"rendered":"<div class=\"wpb-content-wrapper\"><p>[vc_row][vc_column width=&#8220;1\/2&#8243;][vc_text_separator title=&#8220;DINNER FOR TWO&#8220; css=&#8220;&#8220;][vc_column_text css=&#8220;&#8220;]<a href=\"https:\/\/restaurant-erlen.ch\/wordpress\/aktuelles\/dinner-for-two\/\"><img loading=\"lazy\" decoding=\"async\" class=\"alignleft wp-image-972 size-full\" src=\"https:\/\/restaurant-erlen.ch\/wordpress\/wp-content\/uploads\/2025\/11\/restaurant-erlen_dinner-for-two.jpg\" alt=\"Restaurant Erlen, Ibach - DINNER FOR TWO\" width=\"300\" height=\"199\"><\/a>Alle Jahre wieder&#8230;<\/p>\n<p>15 ausgesuchte Gastronomiebetriebe laden zum Gaumenschmaus und offerieren ein Hauptgericht nach Wahl.[\/vc_column_text][\/vc_column][vc_column width=&#8220;1\/2&#8243;][vc_text_separator title=&#8220;\u00d6FFNUNGSZEITEN&#8220;][vc_column_text css=&#8220;&#8220;]<\/p>\n<p style=\"text-align: center;\">Dienstag &#8211; Samstag:\u00a0\u00a0 8:00 &#8211; 24:00 Uhr<br \/>\nSonntag:\u00a0\u00a0 9:00 &#8211; 21:00 Uhr<br \/>\nMontag:\u00a0\u00a0 Ruhetag<\/p>\n<p style=\"text-align: center;\"><a href=\"https:\/\/zuerst.proinfirmis.ch\/pois\/detail\/23991\" target=\"_blank\" rel=\"noopener\"><img loading=\"lazy\" decoding=\"async\" class=\"alignnone wp-image-994\" src=\"https:\/\/restaurant-erlen.ch\/wordpress\/wp-content\/uploads\/2025\/01\/pro-infirmis_behindertenparkplatz.jpg\" alt=\"Pro Infirmis - Behindertenparkplatz\" width=\"50\" height=\"50\" srcset=\"https:\/\/restaurant-erlen.ch\/wordpress\/wp-content\/uploads\/2025\/01\/pro-infirmis_behindertenparkplatz.jpg 421w, https:\/\/restaurant-erlen.ch\/wordpress\/wp-content\/uploads\/2025\/01\/pro-infirmis_behindertenparkplatz-300x300.jpg 300w, https:\/\/restaurant-erlen.ch\/wordpress\/wp-content\/uploads\/2025\/01\/pro-infirmis_behindertenparkplatz-150x150.jpg 150w\" sizes=\"auto, (max-width: 50px) 100vw, 50px\" \/>\u00a0<img loading=\"lazy\" decoding=\"async\" class=\"alignnone wp-image-996\" src=\"https:\/\/restaurant-erlen.ch\/wordpress\/wp-content\/uploads\/2025\/01\/pro-infirmis_voll-zugaenglich.jpg\" alt=\"Pro Infirmis - Voll zug\u00e4nglich\" width=\"50\" height=\"50\" srcset=\"https:\/\/restaurant-erlen.ch\/wordpress\/wp-content\/uploads\/2025\/01\/pro-infirmis_voll-zugaenglich.jpg 520w, https:\/\/restaurant-erlen.ch\/wordpress\/wp-content\/uploads\/2025\/01\/pro-infirmis_voll-zugaenglich-300x300.jpg 300w, https:\/\/restaurant-erlen.ch\/wordpress\/wp-content\/uploads\/2025\/01\/pro-infirmis_voll-zugaenglich-150x150.jpg 150w\" sizes=\"auto, (max-width: 50px) 100vw, 50px\" \/> <img loading=\"lazy\" decoding=\"async\" class=\"alignnone wp-image-995\" src=\"https:\/\/restaurant-erlen.ch\/wordpress\/wp-content\/uploads\/2025\/01\/pro-infirmis_rollstuhl-wc.jpg\" alt=\"Pro Infirmis - Rollstuhl WC\" width=\"50\" height=\"50\" srcset=\"https:\/\/restaurant-erlen.ch\/wordpress\/wp-content\/uploads\/2025\/01\/pro-infirmis_rollstuhl-wc.jpg 428w, https:\/\/restaurant-erlen.ch\/wordpress\/wp-content\/uploads\/2025\/01\/pro-infirmis_rollstuhl-wc-300x300.jpg 300w, https:\/\/restaurant-erlen.ch\/wordpress\/wp-content\/uploads\/2025\/01\/pro-infirmis_rollstuhl-wc-150x150.jpg 150w\" sizes=\"auto, (max-width: 50px) 100vw, 50px\" \/><\/a><\/p>\n<p>[\/vc_column_text][\/vc_column][\/vc_row][vc_row][vc_column][vc_separator css=&#8220;&#8220;][\/vc_column][\/vc_row][vc_row][vc_column width=&#8220;1\/4&#8243;][vc_text_separator title=&#8220;TAKE AWAY&#8220;][vc_single_image image=&#8220;554&#8243; img_size=&#8220;large&#8220; alignment=&#8220;center&#8220; onclick=&#8220;custom_link&#8220; img_link_target=&#8220;_blank&#8220; link=&#8220;https:\/\/restaurant-erlen.ch\/wordpress\/restaurant-erlen\/menueplan\/Restaurant-Erlen-Menukarte-TakeAway.pdf&#8220;][vc_column_text]<\/p>\n<p style=\"text-align: center;\">Frisch zubereitet<br \/>\nzum Mitnehmen[\/vc_column_text][\/vc_column][vc_column width=&#8220;1\/4&#8243;][vc_text_separator title=&#8220;TAGES-MENU&#8220;][vc_single_image image=&#8220;498&#8243; img_size=&#8220;large&#8220; alignment=&#8220;center&#8220; onclick=&#8220;custom_link&#8220; img_link_target=&#8220;_blank&#8220; link=&#8220;https:\/\/restaurant-erlen.ch\/wordpress\/restaurant-erlen\/menueplan\/Restaurant-Erlen-Tagesmenu.pdf&#8220;][vc_column_text]<\/p>\n<p style=\"text-align: center;\">T\u00e4glich wechselnde Tagesmenu<br \/>\nDienstag \u2013 Freitag[\/vc_column_text][\/vc_column][vc_column width=&#8220;1\/4&#8243;][vc_text_separator title=&#8220;MENUKARTE MITTAG&#8220;][vc_single_image image=&#8220;493&#8243; img_size=&#8220;large&#8220; alignment=&#8220;center&#8220; onclick=&#8220;custom_link&#8220; img_link_target=&#8220;_blank&#8220; link=&#8220;https:\/\/restaurant-erlen.ch\/wordpress\/restaurant-erlen\/menueplan\/Restaurant-Erlen-Menukarte-Mittag.pdf&#8220;][vc_column_text]<\/p>\n<p style=\"text-align: center;\">Kleines \u00e0 la carte Angebot f\u00fcr den Mittag &amp; Nachmittag<\/p>\n<p>[\/vc_column_text][\/vc_column][vc_column width=&#8220;1\/4&#8243;][vc_text_separator title=&#8220;MENUKARTE ABEND&#8220;][vc_single_image image=&#8220;494&#8243; img_size=&#8220;large&#8220; alignment=&#8220;center&#8220; onclick=&#8220;custom_link&#8220; img_link_target=&#8220;_blank&#8220; link=&#8220;https:\/\/restaurant-erlen.ch\/wordpress\/restaurant-erlen\/menueplan\/Restaurant-Erlen-Menukarte-Abend.pdf&#8220;][vc_column_text]<\/p>\n<p style=\"text-align: center;\">Kreative &amp; saisonale Abend- und Wochenendkarte<\/p>\n<p>[\/vc_column_text][\/vc_column][\/vc_row][vc_row][vc_column][vc_separator][vc_empty_space height=&#8220;52px&#8220;][\/vc_column][\/vc_row][vc_row][vc_column width=&#8220;1\/4&#8243;][vc_text_separator title=&#8220;DINNER FOR TWO&#8220;][vc_single_image image=&#8220;1051&#8243; img_size=&#8220;large&#8220; alignment=&#8220;center&#8220; onclick=&#8220;custom_link&#8220; css=&#8220;&#8220; link=&#8220;https:\/\/restaurant-erlen.ch\/wordpress\/dinner-for-two\/&#8220;][vc_column_text css=&#8220;&#8220;]<\/p>\n<p style=\"text-align: center;\">Doppelter Genuss mit dem<br \/>\n&#8218;DINNER FOR TWO&#8216;<br \/>\nB\u00fcchlein 2026[\/vc_column_text][\/vc_column][vc_column width=&#8220;1\/4&#8243;][vc_text_separator title=&#8220;G\u00dcGGELI-ABEND&#8220;][vc_single_image image=&#8220;496&#8243; img_size=&#8220;large&#8220; alignment=&#8220;center&#8220; onclick=&#8220;custom_link&#8220; link=&#8220;https:\/\/restaurant-erlen.ch\/wordpress\/gueggeli-abend\/&#8220;][vc_column_text]<\/p>\n<p style=\"text-align: center;\">Knackiger Blattsalat &amp; halbes G\u00fcggeli zum Spezialpreis<\/p>\n<p>[\/vc_column_text][\/vc_column][vc_column width=&#8220;1\/4&#8243;][vc_text_separator title=&#8220;SUSHI-BUFFET&#8220;][vc_hoverbox image=&#8220;492&#8243; primary_title=&#8220;&#8220; hover_title=&#8220;N\u00e4chstes Datum:&#8220; shape=&#8220;square&#8220; hover_btn_title=&#8220;weitere Infos&#8230;&#8220; hover_btn_style=&#8220;outline&#8220; hover_btn_shape=&#8220;square&#8220; hover_btn_color=&#8220;success&#8220; hover_add_button=&#8220;true&#8220; hover_btn_link=&#8220;url:https%3A%2F%2Frestaurant-erlen.ch%2Fwordpress%2Fsushi-buffet%2F|title:SUSHI-BUFFET&#8220;]<\/p>\n<h3 style=\"text-align: center;\"><span style=\"color: #ff0000;\"><strong>Sonntag<br \/>\n28. Juni 2026<\/strong><\/span><\/h3>\n<p style=\"text-align: center;\"><strong>18:30 Uhr<\/strong><\/p>\n<p>&nbsp;<\/p>\n<p>&nbsp;<\/p>\n<p>&nbsp;<\/p>\n<p>&nbsp;<\/p>\n<p>&nbsp;<\/p>\n<p>&nbsp;<\/p>\n<p>&nbsp;<\/p>\n<p>&nbsp;<\/p>\n<p>&nbsp;<\/p>\n<p>&nbsp;<\/p>\n<p>&nbsp;<\/p>\n<p>&nbsp;<\/p>\n<p>&nbsp;<\/p>\n<p>&nbsp;<\/p>\n<p>&nbsp;[\/vc_hoverbox][vc_column_text]<\/p>\n<p style=\"text-align: center;\">Sushibuffet \u00e0 discretion<\/p>\n<p>[\/vc_column_text][\/vc_column][vc_column width=&#8220;1\/4&#8243;][vc_text_separator title=&#8220;GEBURTSTAG&#8220;][vc_single_image image=&#8220;495&#8243; img_size=&#8220;large&#8220; alignment=&#8220;center&#8220; onclick=&#8220;custom_link&#8220; link=&#8220;https:\/\/restaurant-erlen.ch\/wordpress\/geburtstag-fuer-gross-klein\/&#8220;][vc_column_text]<\/p>\n<p style=\"text-align: center;\">Wir offerieren Ihnen einen Hauptgang an Ihrem Geburtstag<\/p>\n<p>[\/vc_column_text][\/vc_column][\/vc_row][vc_row][vc_column][vc_separator][vc_empty_space height=&#8220;52px&#8220;][\/vc_column][\/vc_row][vc_row][vc_column width=&#8220;1\/4&#8243;][vc_text_separator title=&#8220;DESSERTS&#8220;][vc_single_image image=&#8220;497&#8243; img_size=&#8220;large&#8220; alignment=&#8220;center&#8220; onclick=&#8220;custom_link&#8220; img_link_target=&#8220;_blank&#8220; link=&#8220;https:\/\/restaurant-erlen.ch\/wordpress\/restaurant-erlen\/menueplan\/Restaurant-Erlen-Dessertkarte.pdf&#8220;][vc_column_text]<\/p>\n<p style=\"text-align: center;\">S\u00fcsse Verlockungen, Coupe\u2019s oder hausgemachte K\u00f6stlichkeiten<\/p>\n<p>[\/vc_column_text][\/vc_column][vc_column width=&#8220;1\/4&#8243;][vc_text_separator title=&#8220;WEINE&#8220;][vc_single_image image=&#8220;556&#8243; img_size=&#8220;large&#8220; alignment=&#8220;center&#8220; onclick=&#8220;custom_link&#8220; img_link_target=&#8220;_blank&#8220; link=&#8220;https:\/\/restaurant-erlen.ch\/wordpress\/restaurant-erlen\/menueplan\/Restaurant-Erlen-Weinkarte.pdf&#8220;][vc_column_text]<\/p>\n<p style=\"text-align: center;\">Unser Weinangebot umfasst edle Tropfen aus Nah und Fern.<\/p>\n<p>[\/vc_column_text][\/vc_column][vc_column width=&#8220;1\/4&#8243;][vc_text_separator title=&#8220;MENUVORSCHL\u00c4GE BANKETT&#8220;][vc_single_image image=&#8220;557&#8243; img_size=&#8220;large&#8220; alignment=&#8220;center&#8220; onclick=&#8220;custom_link&#8220; img_link_target=&#8220;_blank&#8220; link=&#8220;https:\/\/restaurant-erlen.ch\/wordpress\/restaurant-erlen\/menueplan\/Restaurant-Erlen-Menuvorschlaege-Bankette.pdf&#8220;][vc_column_text]<\/p>\n<p style=\"text-align: center;\">K\u00f6stliche Gerichte f\u00fcr Familienfeiern, Hochzeiten, Firmenanl\u00e4sse.<\/p>\n<p>[\/vc_column_text][\/vc_column][vc_column width=&#8220;1\/4&#8243;][vc_text_separator title=&#8220;MENUVORSCHL\u00c4GE VEREINE&#8220;][vc_single_image image=&#8220;557&#8243; img_size=&#8220;large&#8220; alignment=&#8220;center&#8220; onclick=&#8220;custom_link&#8220; img_link_target=&#8220;_blank&#8220; link=&#8220;https:\/\/restaurant-erlen.ch\/wordpress\/restaurant-erlen\/menueplan\/Restaurant-Erlen-Menuvorschlaege-Vereine.pdf&#8220;][vc_column_text]<\/p>\n<p style=\"text-align: center;\">Preiswerte Menu&#8217;s f\u00fcr Vereinsanl\u00e4sse, Busreisen.<\/p>\n<p>[\/vc_column_text][\/vc_column][\/vc_row]<\/p>\n<\/div>","protected":false},"excerpt":{"rendered":"<p>[vc_row][vc_column width=&#8220;1\/2&#8243;][vc_text_separator title=&#8220;DINNER FOR TWO&#8220; css=&#8220;&#8220;][vc_column_text css=&#8220;&#8220;]Alle Jahre wieder&#8230; 15 ausgesuchte Gastronomiebetriebe laden zum Gaumenschmaus und offerieren ein Hauptgericht nach[&#8230;]<\/p>\n","protected":false},"author":1,"featured_media":0,"parent":0,"menu_order":0,"comment_status":"closed","ping_status":"open","template":"template-fullwidth.php","meta":{"footnotes":""},"class_list":["post-2","page","type-page","status-publish","hentry"],"_links":{"self":[{"href":"https:\/\/restaurant-erlen.ch\/wordpress\/wp-json\/wp\/v2\/pages\/2","targetHints":{"allow":["GET"]}}],"collection":[{"href":"https:\/\/restaurant-erlen.ch\/wordpress\/wp-json\/wp\/v2\/pages"}],"about":[{"href":"https:\/\/restaurant-erlen.ch\/wordpress\/wp-json\/wp\/v2\/types\/page"}],"author":[{"embeddable":true,"href":"https:\/\/restaurant-erlen.ch\/wordpress\/wp-json\/wp\/v2\/users\/1"}],"replies":[{"embeddable":true,"href":"https:\/\/restaurant-erlen.ch\/wordpress\/wp-json\/wp\/v2\/comments?post=2"}],"version-history":[{"count":34,"href":"https:\/\/restaurant-erlen.ch\/wordpress\/wp-json\/wp\/v2\/pages\/2\/revisions"}],"predecessor-version":[{"id":1061,"href":"https:\/\/restaurant-erlen.ch\/wordpress\/wp-json\/wp\/v2\/pages\/2\/revisions\/1061"}],"wp:attachment":[{"href":"https:\/\/restaurant-erlen.ch\/wordpress\/wp-json\/wp\/v2\/media?parent=2"}],"curies":[{"name":"wp","href":"https:\/\/api.w.org\/{rel}","templated":true}]}}